t common divisor of 1575610 and 6?
2
Calculate the greatest common divisor of 144544 and 5744.
16
Calculate the greatest common factor of 55638087 and 15222.
129
Calculate the greatest common divisor of 243 and 25351542.
81
What is the highest common divisor of 331 and 243262823?
331
Calculate the highest common factor of 252553 and 20056.
109
What is the highest common factor of 54 and 4681626?
6
What is the highest common factor of 99648 and 519?
519
What is the highest common factor of 5445296 and 5136?
16
Calculate the highest common factor of 638 and 12546589.
319
What is the highest common divisor of 4541 and 136021?
19
Calculate the greatest common factor of 2065 and 8138095.
35
Calculate the highest common divisor of 7316 and 2408734.
118
What is the highest common factor of 191186 and 61258?
218
What is the highest common factor of 7769551 and 12631?
743
What is the highest common factor of 1782 and 40094406?
594
Calculate the greatest common factor of 434 and 374759.
217
Calculate the highest common factor of 231748782 and 276.
138
What is the highest common factor of 386 and 34754?
2
Calculate the highest common factor of 9628514 and 1645.
329
Calculate the highest common factor of 1369154 and 1230.
82
What is the highest common factor of 24 and 174126088?
8
What is the highest common divisor of 31292443 and 1?
1
What is the greatest common factor of 32 and 35800496?
16
What is the highest common divisor of 11644 and 152848?
164
Calculate the highest common divisor of 21904 and 1274576.
592
What is the highest common factor of 339668 and 142492?
196
Calculate the highest common divisor of 5256 and 7469424.
72
Calculate the greatest common factor of 165788 and 183706.
62
Calculate the highest common factor of 1634 and 292972932.
1634
What is the greatest common factor of 9 and 11118411?
9
What is the highest common divisor of 25260826 and 111662?
3602
Calculate the highest common factor of 24397898 and 98.
14
Calculate the greatest common divisor of 385011261 and 27.
9
Calculate the highest common factor of 3143 and 3269.
7
Calculate the greatest common factor of 1708 and 573807724.
1708
What is the highest common divisor of 40207 and 146599?
31
Calculate the greatest common factor of 75 and 549897990.
15
What is the greatest common factor of 72 and 19674456?
24
What is the greatest common divisor of 4362003 and 18376?
2297
What is the greatest common factor of 2250 and 548995500?
2250
What is the greatest common divisor of 210 and 1843380?
210
What is the greatest common factor of 2070 and 312087?
69
What is the highest common divisor of 19451 and 112837?
53
What is the greatest common divisor of 14406 and 146485010?
4802
Calculate the greatest common divisor of 147496 and 4148504.
1432
Calculate the highest common factor of 3626 and 2663556.
518
Calculate the greatest common divisor of 4459780 and 180.
20
What is the highest common divisor of 1094143449 and 21?
21
What is the greatest common divisor of 7654126 and 807?
269
What is the greatest common divisor of 1433151 and 150841?
323
What is the greatest common divisor of 34660035 and 730?
365
Calculate the greatest common factor of 704808 and 4671.
27
What is the greatest common divisor of 22 and 24258938?
22
What is the highest common factor of 21 and 56510293?
7
Calculate the greatest common divisor of 180 and 151192920.
60
Calculate the greatest common divisor of 52 and 11672778.
26
Calculate the greatest common factor of 4550 and 1065050.
350
What is the greatest common factor of 45158 and 74685266?
674
What is the highest common divisor of 2204 and 28782036?
2204
Calculate the highest common factor of 43443 and 405.
27
What is the highest common divisor of 3087 and 29763?
9
What is the highest common factor of 10539310 and 295238?
6866
What is the highest common factor of 124555483 and 104?
13
What is the greatest common factor of 24484 and 115680779?
6121
What is the highest common factor of 932012 and 64?
4
Calculate the highest common factor of 35192 and 1325344.
664
What is the greatest common divisor of 258944595 and 105?
105
What is the highest common divisor of 4317305 and 407866?
4339
Calculate the greatest common factor of 494162 and 43466.
422
What is the highest common divisor of 229539 and 26733?
57
What is the highest common factor of 52243 and 366875?
587
What is the greatest common factor of 24270 and 163418?
1618
What is the greatest common factor of 336 and 59921688?
24
What is the greatest common divisor of 322 and 1844744762?
322
What is the greatest common divisor of 256497 and 56704?
443
What is the greatest common divisor of 98 and 139642111?
49
Calculate the highest common divisor of 8552127 and 153583.
401
What is the greatest common factor of 130339 and 7161?
11
Calculate the greatest common factor of 3510921 and 7512.
939
What is the highest common divisor of 27 and 293157?
9
What is the highest common divisor of 100187304 and 72?
24
What is the highest common divisor of 32521805 and 135?
5
Calculate the highest common factor of 752556 and 64325.
31
Calculate the highest common divisor of 561 and 2708151.
51
Calculate the greatest common factor of 1109575 and 20875.
25
Calculate the highest common factor of 15288 and 11043669.
1911
Calculate the greatest common factor of 12208 and 10402.
14
What is the greatest common divisor of 206 and 28441802?
206
What is the highest common divisor of 13155651 and 1608?
201
What is the greatest common divisor of 864 and 151189664?
32
Calculate the highest common divisor of 602397 and 592.
37
What is the highest common divisor of 343 and 6676103?
49
Calculate the greatest common factor of 110 and 8493970.
10
Calculate the highest common divisor of 46192 and 6736.
16
What is the greatest common factor of 308887040 and 30?
10
What is the highest common factor of 5540028 and 1716?
156
Calculate the highest common divisor of 220343137 and 2533.
2533
What is the greatest common factor of 13690 and 1544770?
10
Calculate the highest common factor of 827 and 79803019.
827
Calculate the greatest common factor of 22078809 and 207.
9
What is the greatest common factor of 60312192 and 150144?
6528
What is the greatest common factor of 8635 and 38960335?
785
Calculate the highest common divisor of 1746 and 214704.
18
What is the highest common factor of 36871750 and 250?
250
Calculate the highest common factor of 520 and 26920400.
520
Calculate the greatest common factor of 313506460 and 40.
20
Calculate the greatest common divisor of 117646671 and 123.
123
Calculate the greatest common factor of 97136953 and 695.
139
What is the highest common divisor of 1337041 and 9591?
139
Calculate the highest common factor of 168720 and 1185258.
4218
Calculate the highest common factor of 32950791 and 17127.
1557
What is the highest common factor of 225453 and 87639?
669
Calculate the greatest common factor of 455664 and 18480.
528
Calculate the highest common factor of 415052 and 2024.
44
Calculate the greatest common divisor of 577777 and 6439193.
1549
What is the greatest common divisor of 4775 and 1172125?
25
What is the greatest common factor of 555 and 19264235?
185
Calculate the greatest common divisor of 907790 and 1066.
26
What is the greatest common factor of 148 and 13120237?
37
Calculate the greatest common divisor of 210026 and 8892.
38
Calculate the greatest common factor of 7169 and 4413536.
107
What is the greatest common factor of 2549180 and 392030?
1970
What is the greatest common factor of 90 and 239079366?
18
Calculate the highest common divisor of 207064686 and 1668.
834
What is the greatest common factor of 1645 and 16518103?
329
Calculate the highest common divisor of 93461016 and 16.
8
Calculate the greatest common factor of 1742 and 22616654.
134
Calculate the greatest common factor of 24124213 and 302.
151
What is the greatest common factor of 19720777 and 94?
47
What is the highest common divisor of 1357775 and 55?
5
Calculate the highest common divisor of 138 and 4646483.
23
What is the highest common factor of 581 and 39668522?
83
What is the greatest common divisor of 3066 and 206844624?
3066
Calculate the greatest common factor of 44 and 5225.
11
Calculate the greatest common divisor of 531 and 384687